0/(-18). What is the remainder when -2*(-1)/(-2) + 46 is divided by p(h)?
13
Let j be 3/(-2*(-6)/4). Calculate the remainder when -1*1*(-37 + 2) is divided by j/2 + (-51)/(-6).
8
Let s(r) = -26*r + 2. Let l be s(-1). Suppose l = 3*z - 53. Calculate the remainder when 53 is divided by z.
26
Let q(x) = 2*x - 10. Suppose 6*l - 40 = 2*l. Let h = l - -3. Calculate the remainder when h is divided by q(7).
1
Suppose -4*f - 725 = f + 5*h, -715 = 5*f - 5*h. Let u = -112 - f. What is the remainder when 119 is divided by u?
23
Let t = 12 + -6. Let p = -33397 + 33423. What is the remainder when p is divided by t?
2
Let z(x) = 7*x - 8. Suppose 0 = -2*y + 10, -r - 4*y = -2 - 17. Let w(l) = l. Let v(c) = r*z(c) + 6*w(c). Calculate the remainder when 28 is divided by v(0).
4
Suppose -7 = i - 3*q, -9*i + 5*i = -3*q - 17. What is the remainder when ((-62)/4)/((-2)/4) is divided by i?
7
Suppose a = 4*r - 753, -5*r - 84 = -a - 1025. What is the remainder when r is divided by 59?
11
Suppose 16 + 2 = 3*f. What is the remainder when (f/9)/((-4)/(-318)) is divided by 14?
11
Let y be (2/(-2))/(((-3)/9)/1). Suppose -6*t + y*t = -30. Calculate the remainder when 16 is divided by t.
6
Let o(z) = 2*z**3 + 51*z**2 + 26*z + 45. Let f = 0 + 78. Calculate the remainder when f is divided by o(-25).
18
Suppose 4*h = -578 + 746. What is the remainder when 72 is divided by h?
30
Let o = 4 + 3. Let f(d) = 2*d - o + 0 - 3*d. Calculate the remainder when f(-13) is divided by 4.
2
Let i = 63 - 40. Suppose 64 + i = 3*l. What is the remainder when l is divided by 10?
9
Let r(z) = -3*z - 26. Let y = -7 + -4. What is the remainder when 33 is divided by r(y)?
5
Suppose 0 = 5*v - 3*v - 4. Suppose v*z + 212 = 3*h, 0*h + 3*z = -h + 89. What is the remainder when h is divided by 19?
17
Let u = 88 + -62. Let k = u + -11. Suppose 1040*r - 1015*r - 1050 = 0. What is the remainder when r is divided by k?
12
Let s = 40 - 38. Suppose d = 0, s*g - 113 + 3 = -d. Calculate the remainder when g is divided by 15.
10
Let m(q) = -q + 9. Let c be m(-9). Suppose 2*f = 4*p + 8, -3*f + c = -6*p + 3*p. What is the remainder when 11 is divided by f?
3
Let p(j) = -2*j**2 + 20*j + 2. Calculate the remainder when 269 is divided by p(8).
31
Suppose 1945 = 530*t - 525*t. Calculate the remainder when t is divided by 65.
64
Let h(q) = q**3 + 6*q**2 + q + 2. Let a be h(-5). Suppose -4*c + 2*c = -a. Let n(w) = -8*w - 98. Calculate the remainder when n(-16) is divided by c.
8
Let o(f) = f**3 + f - 6. What is the remainder when o(2) is divided by (-18)/(-15)*(-20)/(-6)?
0
Let r(u) = -7*u - 80. Let f(b) = 3*b + 40. Let y(n) = 5*f(n) + 2*r(n). What is the remainder when 104 is divided by y(-5)?
34
Calculate the remainder when ((-5125)/(-175))/((-2)/(-14)) is divided by 98.
9
Suppose -3*p = -5*x + 153, -4*p = 2*x - p - 78. Let s(g) = g**3 - 4*g**2 + 2*g + 4. What is the remainder when x is divided by s(4)?
9
Let b(j) = j + 1. Let x be b(3). Suppose 63 = x*v - 3*t, 5*t - 5 = -3*v + 6. Let h = -5282 + 5304. What is the remainder when h is divided by v?
10
Suppose 4*z - 139 = 3*l, z - 5*l = 4*z - 97. Let r = -7631 + 7649. What is the remainder when z is divided by r?
16
Suppose 148 = 2*c + 4*r, -214 = -8*c + 5*c - 2*r. What is the remainder when 273 is divided by c?
63
Let k(z) = 4*z**3 + z**2 - 1. Let l be k(1). Suppose -4*i - 180 = l*d, -4*d + 21 - 161 = -4*i. Let m = -13 - d. Calculate the remainder when m is divided by 15.
12
Let u(w) = -w - 7. Let r be u(-11). Calculate the remainder when 110 is divided by ((-58)/r)/((-1 - 0)/2).
23
Let s(t) = t**2 - 4*t. Let p(j) = j**3 + 26*j**2 + 21*j - 80. Calculate the remainder when p(-25) is divided by s(6).
8
Suppose 9*b - 11*b + 36 = 0. Calculate the remainder when 154 is divided by b.
10
Let j be 3822/24 - (-1)/(-4). Suppose j = -d + 4*d. Calculate the remainder when d is divided by 18.
17
Let j(i) = -i**3 + 10*i**2 - 5*i - 11. Suppose 6*c = c + 45. Calculate the remainder when 197 is divided by j(c).
22
Let w(r) = 3*r + 17. Let b be w(-5). Suppose b*h - 20 = h + 4*t, -5*h + 3*t = -100. Calculate the remainder when h is divided by 6.
2
Let a be (-174)/(-5)*(1 + 3 - -1). Suppose 2*u + 2*w = a, 0 = -2*u + 3*w - 18 + 192. What is the remainder when u is divided by 24?
15
Let j(i) = -i**3 + 14*i**2 - 20*i - 40. Let p be j(12). Calculate the remainder when 18/(-4)*(-12 + p) is divided by 3.
0
Let c = 1352 + -1202. What is the remainder when c is divided by 13?
7
Let a = -13 - -13. Let d(p) = -p**2 - 1 + 10*p - 4 + a. What is the remainder when 36 is divided by d(6)?
17
Let t(o) = -o**3 + 9*o**2 + o - 7. Let h(d) = -2*d + 31. Let r be h(14). Suppose -r*l + 5 = -4. Calculate the remainder when l is divided by t(9).
1
Suppose -417*n + 406*n = -792. What is the remainder when n is divided by 30?
12
Let x be 1/(-6 + 3) + 16/3. Let p(c) = -2*c**2 - 3*c. Let k(r) = r**2 + 4*r. Let v(i) = -4*k(i) - 3*p(i). What is the remainder when 27 is divided by v(x)?
12
Let f(b) = 1 - 4*b - 61*b**3 + 5*b - b**3 + 16*b**3. Calculate the remainder when f(-1) is divided by 12.
10
Let o(d) = 6*d**2 - 111*d + 76. Suppose -5*n + 275 = 4*q, -310 = -5*q + n + 4*n. Calculate the remainder when q is divided by o(18).
21
Suppose 319*a - 325*a + 12 = 0. Calculate the remainder when 2 is divided by a.
0
Let l = -28 - -44. What is the remainder when (-3)/(-2)*2398/33 is divided by l?
13
Suppose -3*n + 2*n = 170. Let q = n + 480. Suppose -2*b = 5*r - q, 2*b = -4 - 6. What is the remainder when r is divided by 22?
20
Suppose 197 = -3*q + 1217. What is the remainder when q is divided by 23?
18
Suppose 0*h = -2*h + 42. Let g be -3 + 5 + 20/2. Let o = h - g. What is the remainder when 25 is divided by o?
7
Calculate the remainder when (4/(32/548))/(2/4) is divided by 23.
22
Suppose -88 = -2*v - 2*g, -v - 5*g = 2*v - 136. What is the remainder when v is divided by (-2 - -2 - 1) + 14?
3
Let n = -37 + 145. Calculate the remainder when n is divided by 41.
26
Let f be (-68)/6*(-9)/6. Suppose -19 = -3*g - 2*q, 6*g - g - 4*q = f. Calculate the remainder when 39 is divided by g.
4
Let m be -526 + 2 + (4 - 4). Let x be -2*m/(-8) - -1. Let t = x - -223. What is the remainder when t is divided by 24?
21
Let u(b) = 12*b + 3. Let i(m) = -5*m - 3. Let r be i(-2). What is the remainder when u(1) is divided by r*1 + 2 + 0?
6
Let p(o) = -14*o - 70. Calculate the remainder when p(-9) is divided by 24.
8
What is the remainder when (-38 + 3)/((-3)/(-3 - -9)) is divided by 26?
18
Suppose 2*o = 5*f + 1277, 20*f - 15*f - 1267 = -2*o. Calculate the remainder when o is divided by 64.
60
Let k = -17 - -33. Let o = k - -1. Suppose 2*q - 24 = -14. What is the remainder when o is divided by q?
2
Suppose 72 = 5*g - 18. Calculate the remainder when 45 is divided by g.
9
Suppose 0*s + 4 = 2*s. Suppose -5*q = 3*f - 0 - 20, 12 = 3*q + s*f. Suppose -5*k + q*k = -55. Calculate the remainder when k is divided by 19.
17
What is the remainder when (-20)/90 + 2/(-15)*(-14050)/60 is divided by 1 - 2 - (-36)/2?
14
Let g(z) = 7*z + 26. Let x be g(0). Suppose 2*p + 36 = -2*u, 4*p = -3*u + 6*u - 100. Let c = p + x. What is the remainder when 10 is divided by c?
2
Let l(g) = 4*g**2 + 4*g + 3. What is the remainder when 75 is divided by l(-1)?
0
Let f be (10 - 2)*36/8. Let x = f + -17. Let m = -48 + 104. What is the remainder when m is divided by x?
18
Let a(i) be the third derivative of -1/12*i**4 - 1/120*i**6 - 7/6*i**3 - 2*i**2 - 1/5*i**5 + 0*i + 0. What is the remainder when a(-12) is divided by 6?
5
Suppose -10 = 2*p - 44. Let i = 4 - -5. What is the remainder when p is divided by i?
8
Let n = 22 + -37. Let j be (n/(-4) - 3)*-12. What is the remainder when 62 is divided by 1 + 1 - (j - 5)?
14
Let u = -495 + 647. Calculate the remainder when u is divided by 13.
9
Let z = 48 + -35. Suppose -z*f = -512 - 60. Calculate the remainder when f is divided by 20.
4
Suppose 2*q + 5*l - 40 = 0, 22*q - 92 = 18*q - 4*l. Calculate the remainder when 399 is divided by q.
24
Suppose 95*x = 146*x - 6630. Calculate the remainder when x is divided by 22.
20
Let z(w) = -w**3 + 3*w**2 + 22*w - 8. Calculate the remainder when 108 is divided by z(6).
12
Let c(f) = -f**3 - 14*f**2 + 14*f - 5. Let z be c(-15). Let v = 3 + z. Suppose -i = 5*n - 22, n = -i - 0*n + 42. Calculate the rema